y 4.
3
Let b = 36 + -16. Let n be (-3 - -1)/((-18)/27). Suppose 10 = n*k - 23. What is the remainder when b is divided by k?
9
Let w(x) = -1 + 2 + 2*x**2 + 9*x - 3*x. What is the remainder when 83 is divided by w(-5)?
20
Suppose -2*g + 7*g = 15. Calculate the remainder when ((-5)/(-3))/(g/99) is divided by 19.
17
Suppose 3*i + 3 = -6, 5*y = -3*i + 61. Let j = 17 + -12. What is the remainder when y is divided by j?
4
Let q(n) = -n - 17. Calculate the remainder when 15 is divided by q(-22).
0
Let l = 6 - 4. Suppose 3*k - 5*x - 78 = -8*x, 5*k = -2*x + 124. Calculate the remainder when k is divided by 25/l + 3/6.
11
Suppose 11 = -2*t + 29. What is the remainder when 87 is divided by t?
6
Let b(u) = 40*u**2 - 3*u + 2. Calculate the remainder when b(1) is divided by 20.
19
Let f(c) = c**2 - 7*c + 7. Let h be f(6). Let n(t) = 28*t**2 - 1. Calculate the remainder when n(h) is divided by 10.
7
Let v be -6 + 4 + (-1 - 1). Let y be v/(-6) - 42/9. Calculate the remainder when 15 is divided by (-33)/y - (-1)/(-4).
7
Let r = -25 + 50. Suppose -32 = -3*l + r. Let t = 27 - 17. Calculate the remainder when l is divided by t.
9
Let j = 9 + -4. Suppose -3*i - 3*r + 6 = -2*i, 3*i - j*r = 32. Calculate the remainder when 4/(352/(-33)) + (-262)/(-16) is divided by i.
7
Let q(u) = 2*u**2 - u. Let f be q(-1). Suppose 2*j - 4*j + 93 = 3*i, f*i - 4*j = 75. What is the remainder when 35 is divided by i/3 - 6/9?
8
Suppose 2*f - 29 - 16 = s, -3*f + s = -70. Calculate the remainder when f is divided by 14.
11
Let l(f) = -6*f - 5. Suppose -396 = -3*d - d. Calculate the remainder when d is divided by l(-5).
24
Suppose -3 + 5 = x. Let v(d) = -d + 4*d**2 + 13 + 8 - d**2 - 2*d**x. What is the remainder when 41 is divided by v(0)?
20
Suppose 0 = h - 4. Suppose -h*i + 101 = -163. Calculate the remainder when i is divided by 17.
15
Let i(g) = -g + 7. Let q(m) = -m**3 - 3*m**2 + 4. Let p be q(-3). Suppose p*h = -0*h + 76. What is the remainder when h is divided by i(0)?
5
Let b = 118 - 91. Calculate the remainder when 50 is divided by b.
23
Suppose 0 = -0*h + 4*h - 32. Suppose 236 - 44 = 4*a. Let r = a + -35. Calculate the remainder when r is divided by h.
5
Suppose -u - 4*w = -2*u - 8, 0 = -3*u - 5*w + 10. Suppose 2 = -c, 2*c + 9 = 2*m - 21. What is the remainder when m is divided by 8 - 6/(u + 2)?
3
Calculate the remainder when 2484/17 + 22/(-187) is divided by 30.
26
Let h(m) = -m**3 - 10*m**2 - 8*m + 10. Let c be h(-9). What is the remainder when 26 is divided by c/(-1*(-2)/28)?
12
Calculate the remainder when 143 is divided by 2/(-11) + 5/(330/804).
11
Let y = 0 - -3. Suppose y*l - 150 = -5*t + 2*l, 5*l - 54 = -t. Let k = 55 - t. Calculate the remainder when k is divided by 14.
12
Suppose -3*c + 10 = b, b + c = -c + 8. Let l(x) = x - 1. Let a(f) = 3*f - 15. Let s(p) = -a(p) + 2*l(p). What is the remainder when s(6) is divided by b?
3
Let z(o) = o**3 - 14*o**2 + 9*o - 23. Calculate the remainder when z(15) is divided by 34.
31
Let w(o) = -o**2 - 18*o - 36. Calculate the remainder when 87 is divided by w(-10).
43
Let g be (2/2 - 2)/(-1). Let x(z) = 0*z - g - 5 - 2*z. Calculate the remainder when x(-4) is divided by 1.
0
Let g(b) = 8*b + 1. What is the remainder when g(8) is divided by 22?
21
Let q(d) = -3*d - 7. Calculate the remainder when 9 is divided by q(-3).
1
Let r be 3 + (0 - 2) - 5. Let b = r + 9. Calculate the remainder when 17 is divided by b.
2
Calculate the remainder when (49/(-4))/(-4 + (-60)/(-16)) is divided by (0 + 0 + -1)*-10.
9
Let j(f) = 3*f + 12. Calculate the remainder when 46 is divided by j(0).
10
Let b(w) = -45*w - 1. Suppose 0 = l - 5*v - 18, v + 29 + 62 = 4*l. Calculate the remainder when b(-2) is divided by l.
20
What is the remainder when 28 + (-280)/88 + (-2)/(-11) is divided by 13?
12
Let q = 74 + -38. What is the remainder when 105 is divided by q?
33
Suppose -r + 6*r + 20 = 0, -5*y - 4*r = -119. Calculate the remainder when y is divided by 5.
2
Let h = -28 + 143. Calculate the remainder when h is divided by 58.
57
Suppose 0 = -2*g - 2*n - 30, 0 = -4*g + 5*n - 76 - 2. Let t = 11 - g. Calculate the remainder when 82 is divided by t.
26
Let m(l) = -l**2 - 8*l + 4. Let p be m(-8). Suppose 0 = p*w - 0*w + 8. Calculate the remainder when (-3)/12*w*70 is divided by 12.
11
What is the remainder when (-2)/7 - (4660/(-35))/4 is divided by 17?
16
Suppose -3*b = 2*b - 95. What is the remainder when b is divided by 10?
9
Suppose -25 = -3*t - 2*t. Suppose m - 19 = t*u, 2*u = -4*m + 15 - 5. What is the remainder when 6 is divided by m?
2
Let d be 9/(-6)*232/(-6). Let x = 101 - d. Let f = 27 + -12. What is the remainder when x is divided by f?
13
Suppose 0 = -2*k - 3*u + 244 + 181, -k + u + 205 = 0. Calculate the remainder when k is divided by 35.
33
Suppose 0 = 2*g - 240 + 16. What is the remainder when g is divided by 29?
25
Let x = 8 + -12. Suppose 0 = -3*g - 2*w + 15, 5*w = -g - 2*g + 15. Calculate the remainder when g is divided by (8 + -12)*3/x.
2
Calculate the remainder when 115 is divided by 460/36 - 4/(-18).
11
Let h be 22/(-2 + 2 + 2). Suppose 46 = 3*f - h. Calculate the remainder when 55 is divided by f.
17
Suppose -90 - 50 = -4*z + 4*y, -3*z - 5*y = -81. Calculate the remainder when z is divided by 11.
10
Suppose g = 4*g + 4*b - 603, 2*b = -g + 203. What is the remainder when g is divided by 11?
10
Suppose -2*d + 49 = -39. Suppose 3*m - 22 = d. Calculate the remainder when m is divided by 8.
6
Let y(r) = r**2 + r - 12. Let n be y(-10). What is the remainder when (-4)/8 + n/4 is divided by 7?
5
Let s be 5/(-10) - (-6)/4. Suppose s = 4*c - 39. What is the remainder when c is divided by 3?
1
Let n = 306 + -228. Let v(z) = -6*z + 2. What is the remainder when n is divided by v(-3)?
18
Let f(v) = 10*v**2 + 6*v - 5. Calculate the remainder when f(3) is divided by 26.
25
Suppose 2*b = v - 2*v + 147, v - 5*b - 140 = 0. Calculate the remainder when v is divided by 37.
34
Let a(p) = -16*p - 2 + 4 + 0. What is the remainder when a(-4) is divided by 23?
20
Let q be (-2 + 0/(-2))*1. Calculate the remainder when (-1)/(-4)*(q - -118) is divided by 1/3 + 132/9.
14
Suppose 12*p = 11*p + 28. What is the remainder when p is divided by 6?
4
Let q = 6 + 129. Suppose -u + q = 4*u. What is the remainder when u is divided by 7?
6
Let g be 582/(-9) + 6/9. Let n = 96 + g. What is the remainder when n is divided by 11?
10
Suppose 0 = 4*n - 69 - 7. Calculate the remainder when n is divided by 5.
4
Suppose 4*z = -2*z + 90. Let y(m) = m. What is the remainder when z is divided by y(4)?
3
Suppose -2*c - 3*q + 9 = c, 4*q = -2*c + 8. Calculate the remainder when 26 is divided by -1 - (-2 + (-26)/c).
12
Suppose 3*t = -5*o + 71, 2*t + 6*o - 50 = 4*o. What is the remainder when t is divided by 8?
3
Suppose y - 2 = -0*y. Suppose -30 = 2*z - 8*z. Calculate the remainder when z is divided by y.
1
Let w be ((-69)/(-2))/((-5)/(-10)). Suppose -l + 21 = r, 5*l + r - 5*r = w. What is the remainder when 48 is divided by l?
14
What is the remainder when 38 is divided by (-20)/(-4*(0 - (-4)/8))?
8
Let o = 11 + 0. Let k(z) = 2 + 0 + 4 - z**3 - 5 + 4*z**2 - 2*z. What is the remainder when o is divided by k(3)?
3
Let o = 6 - -69. Calculate the remainder when o is divided by 19.
18
Let w(x) be the third derivative of -x**4/8 - x**3/6 - x**2. Let g(v) = v**3 + 5*v**2 + v - 4. Let d be g(-5). What is the remainder when w(d) is divided by 9?
8
Suppose 5*d - 23 = -4*u + 7, 3*d - u = 35. Calculate the remainder when 37 is divided by d.
7
Let v(p) = 3*p**3 - 7*p - 1. Calculate the remainder when v(4) is divided by 41.
40
Let i be (-20)/(-6) - 3/9. Suppose -i*j = -5*j + 8. What is the remainder when j is divided by (3/(-3))/((-3)/(-18)*-2)?
1
Let t = 10 - 14. Let p(l) = -2*l**3 - 6*l**2 - 5*l - 5. What is the remainder when p(t) is divided by 12?
11
Let j(y) = -y**2 - 17*y - 66. Let o be j(-9). Suppose p + 0 = -2. Calculate the remainder when 22 is divided by 9 + (-1)/(p/o).
10
Suppose -9 = -3*h - 0*h. What is the remainder when 22 is divided by (-8)/h*(-27)/6?
10
Let q(p) = 2*p - 5. Let z be q(4). Let b = 27 + 9. Suppose -z*u - 5*s + b = -37, -4*u - 5*s = -89. What is the remainder when u is divided by 9?
7
Let i = 32 + -45. Let t = i + 18. Suppose g - 5*p - 21 = 17, p - 190 = -t*g. Calculate the remai